 23*t - 92. Suppose -31 - 2 = 3*l. Suppose 5*g - 109 = -4. Calculate the remainder when i(l) is divided by g.
19
Suppose -75*u = -77*u + 550. Let n = -221 + u. What is the remainder when n is divided by -1 - (-1 + -1)*6?
10
Let f = 266 + -151. Suppose -11*m + f = -28. Calculate the remainder when 349 is divided by m.
11
Suppose 4*i + 2304*d - 941 = 2301*d, -4*i + 940 = 4*d. What is the remainder when i is divided by 74?
14
Suppose 2*q - 9*l - 13 = -10*l, q = 4*l + 29. Calculate the remainder when (12/(-24))/(1/(-62)) is divided by q.
4
Suppose -3*p - 87 = -3*d, -98*p + 102*p - 19 = -d. What is the remainder when 97 is divided by d?
16
Suppose 4*h - 5*q = 623, -h + 2*q + 66 + 86 = 0. Suppose 4*x + 146 = h. Suppose -4*r = r - 80. What is the remainder when r is divided by x?
0
Suppose 5*k + 3*j = -0*k + 183, 35 = k + j. Let y = k - 39. Suppose y = 4*c - 44 + 8. Calculate the remainder when c is divided by 4.
1
Let q(b) = -8*b**2 + 52*b + 140. Calculate the remainder when 175 is divided by q(8).
43
Let b = -397 - -400. Suppose 3*x - l = 90, b*x - 26*l + 29*l - 102 = 0. Calculate the remainder when 122 is divided by x.
29
Suppose 8*y - 4 = 12*y. Let w be 3/2*(-10)/(-15)*y. What is the remainder when 207 is divided by -1*(-4 - w - 13)?
15
Let i = -6453 + 6942. What is the remainder when i is divided by 5?
4
Let b(k) be the second derivative of k**4/6 - k**3/6 - 21*k**2/2 - 22*k. Let y be b(8). Let u = y - 62. What is the remainder when u is divided by 8?
5
Suppose -33*c = -17*c - 4816. Let j = c - 222. What is the remainder when 552 is divided by j?
78
Let l be 1 + -1 + 520/(-26). What is the remainder when 77 is divided by (-76)/l - 3 - 52/(-10)?
5
Let b(z) = 22*z + 74 - 52 - 65. Calculate the remainder when b(3) is divided by 8.
7
Calculate the remainder when 4824 is divided by (-5)/1 + (10 + -2 - -124).
125
Suppose 33*g = 10723 + 596. Calculate the remainder when g is divided by 102.
37
Suppose 16 = v + v. Calculate the remainder when 317856/2376 - (-2)/9 is divided by v.
6
Let c = 1268 + -1241. What is the remainder when 413 is divided by c?
8
Suppose 3652 = c - 282*d + 287*d, -d = -c + 3670. What is the remainder when c is divided by 68?
63
Let z be (6 - 3) + -1 + 7. Suppose z*t = -3 + 3. Suppose t*n = 3*m + n - 118, -3*n = 5*m - 194. Calculate the remainder when m is divided by 14.
12
Suppose -2*t + 212 = -0*t - 4*j, t - 118 = -j. Let d(i) = 3*i**2 + 389*i + 775. Calculate the remainder when t is divided by d(-2).
6
Let a be 8*2*3/12. Suppose 49 = -7*x + 14*x. What is the remainder when ((-34)/a)/((-5)/10) is divided by x?
3
Let w be 26/(-143) - 3/11*-85. Suppose 1465 + 2514 = w*g. Calculate the remainder when g is divided by 45.
38
Let s(k) = -98 + 3*k + 223 - 92 - 2*k. Calculate the remainder when s(-4) is divided by 2.
1
What is the remainder when (-6 - 15/(285/(-29393))) + 1*-1 is divided by 20?
0
Calculate the remainder when 941 is divided by (-11)/(-44)*(-18 + 430).
14
Let p = 193 - 334. Let i = p - -152. What is the remainder when 20 is divided by i?
9
Let y = 16 + 27. Let b(f) = 23*f - y*f + 16*f + 26*f - 47. What is the remainder when b(6) is divided by 44?
41
Suppose 305*q + 215 = 310*q. Calculate the remainder when 103 is divided by q.
17
Suppose -3*z + 122 = 5*q - 4*z, -q + 3*z = -16. Suppose 4*w = -w + q. Suppose -6 = 2*d, -2*r - 2*d = r - 54. What is the remainder when r is divided by w?
0
Suppose 0 = 5*l - 13*l + 56. Let z(p) = p - 6. What is the remainder when (-24)/(-14) - 26/(-91) is divided by z(l)?
0
Let w(y) be the first derivative of -y**3/3 - 10*y**2 - 7*y - 2. Let d be 21/(-2) - (25/10 + -1). Calculate the remainder when w(d) is divided by 15.
14
Let q(l) = -l + 177. What is the remainder when q(-14) is divided by 90?
11
Let j(x) = -x**3 + 21*x**2 - 17*x - 38. Calculate the remainder when 31 is divided by j(20).
9
Let c(j) = j**2 - 7*j - 16. Let r(o) = 3*o**2 - 125*o + 104. Calculate the remainder when c(13) is divided by r(41).
18
Suppose -2*i = 4*q - 8, -6*q + 2 = -i - 2*q. Suppose -5*p + 126 = -i*p. Let o(n) = 3*n**2 - 23*n - 389. What is the remainder when p is divided by o(16)?
9
Calculate the remainder when 2*((-6)/16 + 0) - (-1470082)/1048 is divided by 26.
24
Calculate the remainder when (-1 + -405)*(12/70)/(21/(-35)) is divided by 8.
4
Let u = 230 - 207. Let t = -238 + 315. What is the remainder when t is divided by u?
8
Suppose -3*b = -3*v + 87, -5*v = 4*b + 43 - 179. Suppose 0 = o - 2 - v. Let q = 159 - 10. What is the remainder when q is divided by o?
29
Let d(p) = -p**3 - 5*p**2 - 11*p - 28. Suppose -6*x + 279 = -105. Calculate the remainder when x is divided by d(-5).
10
Suppose 0 = 2*c + 5 - 515. Let p = 26117 - 26074. Calculate the remainder when c is divided by p.
40
Suppose 4*j = 2*t + 1210, 4*j = -2*t - 362 + 1560. Let r = j - 284. What is the remainder when r is divided by 9?
8
Suppose -1756*g + 1761*g = 3195. What is the remainder when g is divided by 28?
23
Let o(l) = 9 + 3*l**2 - 11 - 2*l - 14. Suppose 3*d + 15 + 0 = 0, 4*n = -2*d + 10. What is the remainder when o(-3) is divided by n?
2
Let b(y) = 3*y**2 + 21*y + 15. Let o be b(-7). Suppose o*q - 385 = 590. What is the remainder when q is divided by 10?
5
Suppose -422*b + 420*b = 210. Calculate the remainder when 70 is divided by (-1400)/b - (-5)/((-30)/8).
10
Suppose 52 = 4*f + 48. Calculate the remainder when (-165)/(f + 1 + -2 + -1) is divided by 14.
11
Let h(k) = 5*k**2 + 3*k - 2. What is the remainder when -9 + (4 - (-8)/((-32)/(-812))) is divided by h(2)?
6
Let m = -7753 - -7764. What is the remainder when 3381 is divided by m?
4
Let p(z) = 20*z**2 + 28*z + 4. Let d be p(-3). Let f = 109 - d. What is the remainder when 16 is divided by f?
7
Let j = 474 - 342. Let g = 189 - j. Calculate the remainder when g is divided by 15.
12
What is the remainder when 2364 is divided by (-43 - -44 - (-17)/1*46) + 4?
3
Let m(b) be the third derivative of 11/24*b**4 - 3 - 8*b**2 + 23/3*b**3 + 0*b. What is the remainder when m(4) is divided by 31?
28
Suppose o - 3*r = -8 + 2, 21 = 4*o + 3*r. Suppose 88 = o*t - 3*u + 7*u, 0 = -4*t + 3*u + 84. Calculate the remainder when 81 is divided by t.
9
Let s(u) = -4*u**2 + 31*u + 10. Let a be s(8). Let n(r) = 282*r**a - r - r**3 - 282*r**2 + 29. Calculate the remainder when 110 is divided by n(0).
23
Suppose -65 + 10 = 5*p. Let j be p + 9 - 7*1. Let m(y) = -y - 3. What is the remainder when 15 is divided by m(j)?
3
Suppose 5*h = -2*a - 0 + 4, -a = 4*h - 2. Suppose 4*n + 8 = 0, a*t + n + 10 = -2*t. Calculate the remainder when (-1 - 4/t)*67 is divided by 14.
11
Let x = -282 - -286. Suppose c + 54 = 2*i, -x*c = -5*i - c + 133. What is the remainder when i is divided by 16?
13
What is the remainder when 1375280/100 + 40 + -41 + (-6)/(-5) is divided by 46?
45
Suppose -174 = -4*o - 2*j, 111 = 3*o - 0*o - 5*j. Let w(g) = 51*g + 4308. What is the remainder when w(-83) is divided by o?
33
Let d = 43 - 23. Calculate the remainder when 74*3*(92/(-12) + 8) is divided by d.
14
Let k be 0*2/4 - -5. Suppose b + 8 = -3*b, 2*y - 186 = k*b. What is the remainder when y is divided by (-2 - 492/(-8) - 1/(-2))/2?
28
Calculate the remainder when 38*8/(-80)*-435 is divided by 138.
135
Let i = 27 + 34. Let a = -80 - -72. Let d(h) = -12*h - 65. What is the remainder when i is divided by d(a)?
30
Suppose -5*n + 3*n - 292 = -2*x, 2*n - 155 = -x. Calculate the remainder when 306 is divided by x.
8
Let m = 4989 + -4914. What is the remainder when 411 is divided by m?
36
Let q be 4 - (4 - 3 - -1). Let u = 26 + 6. What is the remainder when 329/1*q/7 is divided by u?
30
Let h = 151 - 139. What is the remainder when 42 is divided by (2 - 18/h)*22?
9
Let m = 1704 + -1694. What is the remainder when 516 is divided by m?
6
Suppose -t = -3*f - 5014, t + 799*f - 797*f = 5039. Calculate the remainder when t is divided by 43.
41
Let r = 12575 - 11603. What is the remainder when r is divided by 33?
15
Let m = 38 + 7. Suppose -54*j + 48*j = -576. What is the remainder when m is divided by 1/(3/j*(-5 + 7))?
13
Let k(w) = w**3 + 6*w**2 + 2*w - 7. Let z be k(-6). Let s be 3 + 21/(-6) - 61/2. Let j = z - s. What is the remainder when j is divided by 5?
2
Let m(r) = 64*r**2 - r + 1. Suppose -2*o - 4 = -6. What is the remainder when m(o) is divided by 6*(-12